e factors of 17602687.
89, 97, 2039
What are the prime factors of 269893?
13, 1597
List the prime factors of 476382.
2, 3, 79397
What are the prime factors of 4271692?
2, 17, 62819
What are the prime factors of 13139308?
2, 7, 13, 36097
What are the prime factors of 270647?
13, 109, 191
What are the prime factors of 11454162?
2, 3, 1909027
What are the prime factors of 11534494?
2, 5767247
What are the prime factors of 2156821?
547, 3943
List the prime factors of 13079162.
2, 6539581
List the prime factors of 1518487.
1013, 1499
List the prime factors of 359795.
5, 227, 317
List the prime factors of 9562575.
3, 5, 11, 67, 173
List the prime factors of 854539.
7, 17, 43, 167
List the prime factors of 86277.
3, 28759
What are the prime factors of 6350?
2, 5, 127
What are the prime factors of 152705?
5, 7, 4363
List the prime factors of 13812.
2, 3, 1151
What are the prime factors of 517601?
7, 73943
List the prime factors of 404896.
2, 12653
What are the prime factors of 420686?
2, 7, 151, 199
List the prime factors of 15586942.
2, 7, 839, 1327
What are the prime factors of 1700132?
2, 7, 60719
What are the prime factors of 26353423?
23, 1145801
What are the prime factors of 25232049?
3, 2803561
List the prime factors of 8762834.
2, 1423, 3079
What are the prime factors of 2325509?
2325509
List the prime factors of 3907918.
2, 7, 279137
List the prime factors of 10925399.
19, 73, 7877
What are the prime factors of 3398958?
2, 3, 188831
List the prime factors of 6429615.
3, 5, 499, 859
What are the prime factors of 21404143?
1453, 14731
What are the prime factors of 402972?
2, 3, 33581
What are the prime factors of 127636?
2, 17, 1877
List the prime factors of 198899.
198899
List the prime factors of 63134.
2, 31567
List the prime factors of 2567996.
2, 23, 103, 271
What are the prime factors of 83351?
17, 4903
What are the prime factors of 523623?
3, 347, 503
What are the prime factors of 13640424?
2, 3, 7, 1657
What are the prime factors of 4347094?
2, 67, 32441
List the prime factors of 7918971.
3, 233, 11329
What are the prime factors of 3604342?
2, 7, 36779
What are the prime factors of 26654?
2, 13327
What are the prime factors of 10638069?
3, 13, 272771
List the prime factors of 57051.
3, 2113
List the prime factors of 942662.
2, 7, 9619
List the prime factors of 236661.
3, 78887
List the prime factors of 155532.
2, 3, 13, 997
What are the prime factors of 8886712?
2, 1110839
List the prime factors of 664511.
664511
List the prime factors of 6237267.
3, 397, 5237
List the prime factors of 137069.
113, 1213
List the prime factors of 102650.
2, 5, 2053
What are the prime factors of 601916?
2, 7, 37, 83
What are the prime factors of 225480?
2, 3, 5, 1879
What are the prime factors of 170254?
2, 7, 12161
List the prime factors of 4804334.
2, 349, 6883
What are the prime factors of 282830?
2, 5, 28283
What are the prime factors of 138768?
2, 3, 7, 59
List the prime factors of 1056333.
3, 352111
What are the prime factors of 79070?
2, 5, 7907
List the prime factors of 1590546.
2, 3, 265091
What are the prime factors of 1897085?
5, 379417
List the prime factors of 17479501.
13, 293, 353
List the prime factors of 4246186.
2, 7, 303299
List the prime factors of 4787508.
2, 3, 11, 36269
List the prime factors of 14823389.
7, 523, 4049
What are the prime factors of 1124032?
2, 7, 13, 193
What are the prime factors of 3800495?
5, 41, 18539
List the prime factors of 1862662.
2, 79, 11789
What are the prime factors of 1136200?
2, 5, 13, 19, 23
List the prime factors of 652079.
652079
What are the prime factors of 32729?
23, 1423
List the prime factors of 412567.
412567
What are the prime factors of 3663789?
3, 17, 19, 199
What are the prime factors of 6828048?
2, 3, 47417
List the prime factors of 281822.
2, 29, 43, 113
List the prime factors of 1984996.
2, 13, 59, 647
What are the prime factors of 4523?
4523
What are the prime factors of 3788819?
89, 42571
What are the prime factors of 18409790?
2, 5, 7, 37571
What are the prime factors of 729934?
2, 151, 2417
List the prime factors of 424771.
424771
What are the prime factors of 13211246?
2, 23, 12487
List the prime factors of 314464.
2, 31, 317
What are the prime factors of 2575795?
5, 79, 6521
List the prime factors of 3091501.
7, 17, 83, 313
What are the prime factors of 1197870?
2, 3, 5, 39929
List the prime factors of 55332.
2, 3, 29, 53
What are the prime factors of 2394608?
2, 19, 7877
What are the prime factors of 41525?
5, 11, 151
List the prime factors of 11908716.
2, 3, 992393
List the prime factors of 505438.
2, 19, 47, 283
What are the prime factors of 265225?
5, 103
List the prime factors of 169743.
3, 7, 59, 137
List the prime factors of 774587.
11, 67, 1051
What are the prime factors of 33411?
3, 7, 37, 43
What are the prime factors of 74302?
2, 97, 383
List the prime factors of 9077346.
2, 3, 137, 409
What are the prime factors of 180975?
3, 5, 19, 127
What are the prime factors of 407575?
5, 7, 17, 137
List the prime factors of 1628055.
3, 5, 11, 13, 23
What are the prime factors of 14244355?
5, 2848871
What are the prime factors of 3540408?
2, 3, 147517
List the prime factors of 55655.
5, 11131
List the prime factors of 4057857.
3, 16699
What are the prime factors of 17389456?
2, 7, 139, 1117
List the prime factors of 277986.
2, 3, 107, 433
What are the prime factors of 9428861?
13, 127, 5711
List the prime factors of 1994596.
2, 37, 13477
What are the prime factors of 2185340?
2, 5, 109267
List the prime factors of 925120.
2, 5, 7, 59
What are the prime factors of 1973114?
2, 11, 13, 6899
List the prime factors of 802249.
7, 31, 3697
What are the prime factors of 1663782?
2, 3, 277297
What are the prime factors of 3858580?
2, 5, 11, 17539
What are the prime factors of 8277068?
2, 2069267
List the prime factors of 120625.
5, 193
What are the prime factors of 17931009?
3, 67, 89209
List the prime factors of 1533636.
2, 3, 13, 29, 113
List the prime factors of 649994.
2, 324997
List the prime factors of 8146220.
2, 5, 407311
What are the prime factors of 643568?
2, 19, 29, 73
What are the prime factors of 1974212?
2, 73, 6761
List the prime factors of 282830.
2, 5, 28283
List the prime factors of 10440505.
5, 23, 90787
List the prime factors of 2646755.
5, 41, 12911
List the prime factors of 167886.
2, 3, 3109
What are the prime factors of 91561?
19, 61, 79
What are the prime factors of 16714480?
2, 5, 208931
What are the prime factors of 17409232?
2, 113, 9629
List the prime factors of 10430.
2, 5, 7, 149
List the prime factors of 17913279.
3, 5971093
What are the prime factors of 12786469?
12786469
List the prime factors of 2572653.
3, 857551
List the prime factors of 636856.
2, 11, 7237
What are the prime factors of 586120?
2, 5, 14653
List the prime factors of 38468090.
2, 5, 47, 81847
List the prime factors of 318790.
2, 5, 71, 449
What are the prime factors of 24819105?
3, 5, 53, 31219
What are the prime factors of 463165?
5, 17, 5449
List the prime factors of 293637.
3, 97879
List the prime factors of 1719721.
1719721
What are the prime factors of 5982237?
3, 664693
What are the prime factors of 9631374?
2, 3, 137, 11717
List the prime factors of 320083.
320083
List the prime factors of 20239378.
2, 1019, 9931
What are the prime factors of 212488?
2, 26561
List the prime factors of 3315399.
3, 149, 7417
What are the prime factors of 58200?
2, 3, 5, 97
What are the prime factors of 2600929?
19, 367, 373
What are the prime factors of 2664590?
2, 5, 41, 67, 97
List the prime factors of 1382244.
2, 3, 229, 503
What are the prime factors of 17954899?
911, 19709
List the prime factors of 6178674.
2, 3, 23, 44773
What are the prime factors of 1428022?
2, 107, 6673
What are the prime factors of 9279361?
7, 13, 107, 953
What are the prime factors of 242804?
2, 101, 601
List the prime factors of 439255.
5, 59, 1489
List the prime factors of 31526.
2, 11, 1433
What are the prime factors of 3076287?
3, 821, 1249
List the prime factors of 1728527.
1728527
List the prime factors of 305116.
2, 7, 17, 641
What are the prime factors of 128393?
128393
What are the prime factors of 18319026?
2, 3, 11, 53, 5237
What are the prime factors of 11776143?
3, 19, 41, 5039
List the prime factors of 